2)?
5
Suppose 0 = -4*t + 4*q + 8, 0 = -q - 3 - 0. Let h be (24/(-10))/(t/(-5)). Let o = h + 21. Calculate the remainder when 26 is divided by o.
8
Let f(g) = g + 3. What is the remainder when 38 is divided by f(7)?
8
Let q(z) = z**3 - 2*z**2 - 2*z - 1. Let w be q(3). Suppose -w*s - 14 = -4*s. What is the remainder when 20 is divided by s?
6
Suppose 2*s + 24 - 104 = 0. Let h = -23 - -37. What is the remainder when s is divided by h?
12
Suppose 2*a + 3*a = 10. Let f = -10 - -18. Let o(x) = -x**2 + 8*x + 5. Calculate the remainder when o(f) is divided by a.
1
Let k = 9 - 4. What is the remainder when 12 is divided by k?
2
Let z(o) = -o**2 + 11*o + 2. Calculate the remainder when 73 is divided by z(8).
21
Let f(a) = a - 4. Suppose 0 = 4*v + v - 2*d - 28, 13 = 2*v + d. Let i(g) = 2*g**2. Calculate the remainder when f(v) is divided by i(1).
0
Suppose -2*p - 4*f = p - 44, 5*p = -2*f + 92. What is the remainder when 77 is divided by p?
17
Suppose 3*a - 14 = -2*y, 2*y + 2 = 2*a + 3*a. Suppose 0 = -4*p + 5*k + 104 - 36, -a*p = -2*k - 32. Calculate the remainder when 22 is divided by p.
10
Let t = -6 + 6. Let o(a) be the third derivative of a**4/24 + 9*a**3/2 + 2*a**2. What is the remainder when o(t) is divided by 14?
13
Suppose -4*p = 2*h - 76, -2*p + 145 = 5*h - 5. Calculate the remainder when h is divided by 10.
8
Suppose 5*f - 4*t + t = 45, 0 = -5*t - 25. Let p = -1 + 11. Calculate the remainder when p is divided by f.
4
Let t be (1 - (-11)/(-3))*-3. Suppose 0 = -4*q + t*q - 24. Calculate the remainder when (-43)/(-2) - (-2)/4 is divided by q.
4
Let v be -4 + 81 + -1 + 0. Let b = 17 - 7. What is the remainder when (v/(-6))/(10/(-15)) is divided by b?
9
Let y be (-22)/6 - (-2)/3. Let i = y + 24. Let v = i - 8. What is the remainder when 38 is divided by v?
12
Let b(r) = 98*r**3 - r + 1. What is the remainder when b(1) is divided by -6 + (-87)/(-15) - (-252)/10?
23
Calculate the remainder when 144 is divided by 22 - (-2)/(2 + -4).
18
Let x = -95 + 138. Let d = -104 + 61. Let p = -28 - d. What is the remainder when x is divided by p?
13
Let j = -12 - -22. Calculate the remainder when 43 is divided by (12/8)/(1/j).
13
Let u(i) = -i + 10. What is the remainder when 46 is divided by u(-6)?
14
Let m = 4 - 4. Suppose m*t = 4*t - 88. Calculate the remainder when 65 is divided by t.
21
Let d(n) = -n**2 + 12*n - 8. Calculate the remainder when 47 is divided by d(10).
11
Let h be (-2)/6 - (-200)/(-12). Let w = h + 39. What is the remainder when w is divided by 8?
6
Let m(b) = -3*b - 4. Suppose -7 + 27 = 5*y. Suppose -2*g + 6 = 0, -2*h - y*g = 2 - 0. Calculate the remainder when m(h) is divided by 6.
5
Suppose -4*p + 3*p - w + 5 = 0, 3*p + w - 15 = 0. Let i be 17/3 - 4/6. Let y = p + i. What is the remainder when 28 is divided by y?
8
Let i(y) be the second derivative of y**4/6 + y**2/2 + 7*y. Calculate the remainder when 55 is divided by i(3).
17
Let i = 2 - -1. Let w = 1 + 3. Calculate the remainder when w is divided by i.
1
Suppose -2*g - 36 - 48 = 0. Let u = 62 + g. Calculate the remainder when 37 is divided by u.
17
Let k(x) = -x**2 - 8*x + 3. Suppose -68 = -2*g - v, -g - 3*v = -0*g - 34. What is the remainder when g is divided by k(-5)?
16
Calculate the remainder when 66 is divided by (51/9)/((-4)/(-12)).
15
Let z be 1 + -1 + 1*5. Suppose -4*f - z*w = -29, -2*f + 2*w + 5 = -5. Calculate the remainder when 11 is divided by f.
5
Suppose -5*f + 2*f + 15 = 0. Suppose -2*v = -g - 0 - 1, 0 = -f*v + 2*g + 3. Let r = v + 2. Calculate the remainder when r is divided by 2.
1
Let c = 240 + -164. What is the remainder when c is divided by 26?
24
Let u(r) = -r**3 + 19*r**2 - 29*r - 24. What is the remainder when u(17) is divided by 16?
13
Suppose 3*z + 13 - 49 = 0. Let q = 4 + -4. Suppose q*v - 34 = -5*v - 3*n, -v + 5*n - 10 = 0. What is the remainder when z is divided by v?
2
Suppose 0 = -3*v + 37 + 8. Let p = 164 - 160. What is the remainder when v is divided by p?
3
Let d(t) = -t**2 - 4*t + 5. Let a be d(-4). Let i = 122 - 43. Suppose 107 = a*j + 3*s, 5*j - 5*s = -s + i. What is the remainder when j is divided by 7?
5
Calculate the remainder when (-5)/(-2)*(-7 + (-414)/(-30)) is divided by 15.
2
Let q be 4 + (-3)/(-6)*2. Suppose -x + 6 = q. What is the remainder when 4 - (2 - (-1 - -1)) is divided by x?
0
Let h = -16 - -36. Calculate the remainder when h is divided by 11.
9
Let i(u) be the second derivative of -u**3/2 + 2*u**2 + u. Calculate the remainder when 36 is divided by i(-5).
17
Suppose -3*l + 5*s + 100 = 0, -s + 2 = 1. Suppose 0 = -2*a - z + 29, 4*a - 5*z + 9 = 32. What is the remainder when l is divided by a?
11
Let l be -2*(2 - 1) - 1118. Let j = l + 360. What is the remainder when (-1)/(-3) - j/15 is divided by 13?
12
Calculate the remainder when 34 is divided by -12*(1/1 - 2).
10
Let u = 11 + -1. Suppose 0 = f - 3*f. Suppose f*y - 87 = -5*c + y, 4*y = 5*c - 78. What is the remainder when c is divided by u?
8
Suppose v = -5*p - 0*v + 83, -5*p - 5*v = -75. Calculate the remainder when p is divided by 11.
6
Suppose 3*b = -2*o + 21, -1 = -5*o + 2*b + 4. Calculate the remainder when o is divided by 1.
0
Suppose -4*n = -2*o + n - 14, -5*o = -5*n + 5. Let a(k) = -k**3 + k**2 + k + 1. Calculate the remainder when o is divided by a(-1).
1
Suppose -11 + 17 = -3*k. What is the remainder when 1/2 + (-428)/(-8) is divided by 21/k*(-24)/18?
12
Let h be 19/(-38) + 7/(-2). What is the remainder when 15 is divided by (11 + 3 - h)/2?
6
Suppose 0 = 5*u + 5. What is the remainder when 18 is divided by 1 + 3/u + 9?
4
Let w = -7 + 10. Suppose 5*d - 413 = -2*n, w*d - 7*n + 3*n = 253. What is the remainder when d is divided by 17?
15
Suppose -3*y - 7 = -c, -2*c = -0*c - 2*y - 26. Let t = 134 - 73. Calculate the remainder when t is divided by c.
13
Let i = 97 + -35. Calculate the remainder when i is divided by 13.
10
Let x = -4 + 14. Suppose 3*p = p + x. Suppose f = -4*a + a - 1, -p*f = a + 19. Calculate the remainder when a is divided by 1.
0
Let h = 20 + 1. Calculate the remainder when 10 is divided by 2/6 + 77/h.
2
Let n(o) = -34*o + 1. Let l be n(-4). Let r = l + -72. Calculate the remainder when r is divided by 22.
21
Let a(h) = 18*h**2 + 2*h + 1. Calculate the remainder when a(-1) is divided by 6.
5
Let g = 6 + -18. Let d = -8 - g. Suppose -c + 4*c - 2*w = 39, d*c + 2*w - 38 = 0. Calculate the remainder when 20 is divided by c.
9
Suppose -9*f = -10*f + 1. Suppose 3*l + f = 13. Calculate the remainder when 7 is divided by l.
3
Let u(o) = o**3 + 12*o**2 + 10*o - 5. Calculate the remainder when 9 is divided by u(-11).
3
Suppose 3*h + 83 = 272. What is the remainder when h is divided by 16?
15
Let f be (-17)/3 - 2/6. Let z be -1*(-52)/f*-12. Suppose -4*x + 4*m + z = 0, -3*x + 2*m = 3*m - 86. Calculate the remainder when x is divided by 10.
8
Let m(s) = -s**2 + 1. Let w be m(1). Calculate the remainder when 4/(-3)*-21 + w is divided by 25/(-2)*12/(-15).
8
Let a(f) be the first derivative of f**4/4 + 5*f**3/3 + 3*f**2/2 + 3*f + 1. Suppose 3*d = -2*d - 20. What is the remainder when 20 is divided by a(d)?
6
Let l(w) = -7*w + 3. Let x = 5 + -12. What is the remainder when l(x) is divided by 18?
16
Let o = 288 + -148. What is the remainder when o is divided by 11?
8
Let z be 11 - 10 - -4*6. Calculate the remainder when z - (-4 - 3/(-1)) is divided by 14.
12
Suppose 272 = 5*p + 67. Let v = -573 + 587. What is the remainder when p is divided by v?
13
Let u(k) = -2*k**2 - 15*k - 1. Let l(t) = t**2 + 7*t + 1. Let a(w) = 5*l(w) + 2*u(w). Calculate the remainder when 4 is divided by a(-5).
1
Let i = 1 - 4. Let n(b) = -3*b**2 - 6*b - 11. Let w(a) = a**2 + 2*a + 4. Let u(v) = -4*n(v) - 11*w(v). Calculate the remainder when 8 is divided by u(i).
2
Calculate the remainder when (-1218)/(-14) + (1 - 0 - 0) is divided by 30.
28
Let h = -4 - -7. Suppose -3*w + h + 15 = 0. Calculate the remainder when 11 is divided by w.
5
Suppose -3*h + 40 = h. What is the remainder when 19 is divided by h?
9
Suppose -3*g = -2*k - 3 + 5, 5*k - 5 = 2*g. Calculate the remainder when 25 is divided by 1/(3/39)*k.
12
Let v = -35 - -43. Calculate the remainder when 35 is divided by v.
3
Calculate the remainder when 38 is divided by -2*(-1)/(-6)*-42.
10
Let z = 14 - 6. What is the remainder when z is divided by 3